6. Let o be z(-14). Suppose -4*f = 20 - 36, -4*f = -4*p + o. What is the remainder when p is divided by 36?
34
Let f = 21 - 19. Suppose l - 64 = 2*c, -f*c + 112 = l + 36. What is the remainder when l is divided by 11?
4
Suppose 6*b + 5*t = 3*b + 21, 18 = 3*b + 4*t. Calculate the remainder when (-38)/(-4)*2 + 0 is divided by b + 7/((-7)/(-3)).
4
Let d(m) = 23*m - 427. What is the remainder when d(47) is divided by 16?
14
Suppose -246*p = -367*p + 7865. Calculate the remainder when 441 is divided by p.
51
Suppose -94 = 8*h - 400 - 206. Calculate the remainder when 1782 is divided by h.
54
Suppose -5*w = -3*y - 1439, 292 = 24*w - 23*w - 2*y. Calculate the remainder when w is divided by 77.
55
Let n(z) be the first derivative of -2 + 11/2*z**2 - 21*z. What is the remainder when n(5) is divided by 9?
7
Let q be -168 + -9 - (2 + 1). What is the remainder when 34 is divided by (((-48)/10)/(-4))/((-8)/q)?
7
Suppose 22 = 11*k - 220. Let r = 132 - 73. Calculate the remainder when r is divided by k.
15
Let j(k) = -2*k**2 - 57*k - 6. Let f be j(-26). Calculate the remainder when (f - -6) + -2*(-5 + 4) is divided by 34.
30
Let f = -42058 - -44031. Calculate the remainder when f is divided by 332.
313
Let n(o) = o**3 + 25*o**2 - 33*o + 126. Calculate the remainder when n(-26) is divided by 27.
11
Let c = 5575 - 5573. Let x = 9 + -4. Suppose -111 = -5*s - r, r + 45 + x = c*s. What is the remainder when s is divided by 12?
11
Suppose -28*t + 1961 = 9*t. Suppose 0*b + 4*b - 825 = -5*l, -2*b = l - 417. Calculate the remainder when b is divided by t.
51
Suppose 2*v - 502 = -4215*j + 4217*j, -j + 237 = v. Calculate the remainder when 1704 is divided by v.
240
What is the remainder when (3 - (-1 - -2)) + 207 is divided by (-23)/(-230) - (-3 - -2)*3490/100?
34
Suppose 0 = -8*o + 522 - 106. Let n be (54/(-4))/((-39)/o). Calculate the remainder when 23 is divided by (0 - n/(-5))/((-27)/(-90)).
11
Let y be 111/(4*9/84). Suppose -1659 = -20*q - y. What is the remainder when q is divided by 24?
22
Let y(o) = o**2 - 26*o + 83. Let b be y(24). Suppose -233 = b*m - 828. What is the remainder when 319 is divided by m?
13
Suppose 70*z = 64*z + 714. Calculate the remainder when z is divided by (-40)/(-6)*180/80.
14
Suppose 54 = 4*f - 5*w, -33*w = -5*f - 29*w + 63. Let c = 328 + -208. Calculate the remainder when c is divided by f.
10
Let l = -9081 + 9334. Calculate the remainder when 727 is divided by l.
221
Suppose a + 3 - 2 = -3*z, -4*a = -4*z - 12. Suppose -j - a*m = -69, -j + 15*m = 13*m - 65. What is the remainder when 399 is divided by j?
64
Let d = -769 + -196. Let o = d + 979. Calculate the remainder when 47 is divided by o.
5
Suppose -3*r - 3*q = -78, -206 = -5*r + q - 52. Suppose 2*l = 26 + r. What is the remainder when 9/((-36)/(-224)) + -3 is divided by l?
25
Let y(p) = 49*p**2 + 39*p + 192. Let s be y(-5). Suppose 0 = 62*a - 88*a + s. What is the remainder when 420 is divided by a?
44
Suppose 141*y - 8092 = 134*y. What is the remainder when y is divided by 58?
54
Let u(q) = 2*q**3 + 11*q**2 + 5*q + 9. Let o(x) = -x**3 - 5*x**2 - 2*x - 5. Let n(f) = -9*o(f) - 4*u(f). Calculate the remainder when 29 is divided by n(0).
2
Let l(m) = -2*m**3 - 6*m**2 - 14*m - 73. Calculate the remainder when l(-8) is divided by 85.
84
Let p(k) = -2*k**3 - 54*k**2 + 54*k + 27. Let y(d) = -4*d. Calculate the remainder when p(-28) is divided by y(-2).
3
Suppose -4*d + 7*d + 3*a - 27 = 0, d = 4*a - 11. Calculate the remainder when 1238 is divided by d.
3
Suppose -20 = -4*x + 2*x. Let p(g) = 2*g - 9. Suppose -2*w + 3*u + 70 = 0, 59*w + 2*u = 63*w - 132. Calculate the remainder when w is divided by p(x).
10
Suppose 0 = 3*u + 35 - 17. What is the remainder when 222 is divided by 0 - -31 - (4 - (u - -11))?
30
Let x be (-6 - -8)/((-2)/(1*-4)). Suppose -z = -4*u - 260 - 96, 2*z + 368 = -x*u. Let f = u + 98. What is the remainder when 28 is divided by f?
4
Let u be (-2)/3 + 118/(-3). Let y = 41 + u. Let g(o) = 17*o**3 + o**2 - 5*o + 4. Calculate the remainder when 50 is divided by g(y).
16
Suppose 0 = q + 2*j - 7, 7*q - j = 4*q + 14. Suppose 0 = 3*w - 40 - 11. What is the remainder when w is divided by q?
2
Suppose 79 = 3*h + 3*u - 449, -2*u = -h + 173. What is the remainder when h is divided by 68?
39
Suppose 121*g - 6660 = -63*g + 36*g. Calculate the remainder when g is divided by ((-9)/2)/(3/(-8)).
9
Suppose 3280 = -3*w + 43*w. Suppose y = -d + 18, -2*y = 3*d - 6*y - w. What is the remainder when 84 is divided by d?
18
Suppose 172 = -3*q + 2*l, l - 4 = 1. Let r(n) = 2*n + 10. Let z be r(27). Let t = z + q. Calculate the remainder when 31 is divided by t.
1
Let q = -25058 + 29158. What is the remainder when q is divided by 103?
83
Let m(g) = -15*g - 966. Calculate the remainder when 13966 is divided by m(-74).
142
Let o be 1*-73 - (-18 + 19). Let m = 74 + o. Suppose -l = 2*n - 4*l - 45, m = -l + 3. Calculate the remainder when 60 is divided by n.
6
Let u = -22 + 44. Let s(w) be the second derivative of 7*w**3 - 709*w**2/2 + 21*w - 2. Calculate the remainder when u is divided by s(17).
2
Let u = 29 - 15. Let b be 70/(-4)*252/(-45). Suppose -a = i - 0*i - b, -4*i = 3*a - 389. Calculate the remainder when i is divided by u.
11
Suppose 5*n - 50 = -460. Let z = 86 + n. Calculate the remainder when 6 is divided by z.
2
Suppose -20*r - 216 = -2*b - 17*r, -471 = -5*b - 4*r. Calculate the remainder when b is divided by 29.
12
Let g = -310 - -221. Let m = g + 81. What is the remainder when (1422/m)/(-3) - (-47)/(-188) is divided by 30?
29
Let s be (-28 + 20)*(-11)/2. Suppose 43*j - s*j = -55. Suppose 0 = 10*l - 5*l - 145. Calculate the remainder when j is divided by l.
26
Let s = -425 + 449. Suppose -3*d - a = 2*d - 1018, d - 191 = 4*a. Let t = d + -109. Calculate the remainder when t is divided by s.
22
Let n(v) = 2*v**3 - 2*v**2 + 343. Let g be n(0). Suppose 3*i = 10*i - g. Calculate the remainder when 96 is divided by i.
47
Let k(p) = 107*p + 4001. What is the remainder when 149 is divided by k(-37)?
23
Let o(k) = -10*k**2 - 130*k + 96. Calculate the remainder when 988 is divided by o(-11).
40
Suppose 5*o = 82 - 62. Suppose -5*l - o*n = -30 - 7, 31 = 5*l + 2*n. Suppose -l*k = 3*k - 704. Calculate the remainder when k is divided by 23.
19
Let m(o) = 143*o + 4083. Calculate the remainder when 233 is divided by m(-28).
75
Let y = -59 - -21. Let b = y - -35. Calculate the remainder when (b/(-6))/(2/(-12)) + 111 is divided by 28.
24
Let a(v) = -v**3 + 30*v**2 - 26*v - 73. Let g be 5/((-75)/20)*87/(-4). What is the remainder when 95 is divided by a(g)?
11
Suppose -9225 = 260*r - 556953 + 74788. Calculate the remainder when 1837 is divided by r.
18
Let x(i) = 22*i + 23. Let s be x(5). Let g be -6 + 3/1 + s. Let u = g + -17. Calculate the remainder when u is divided by 29.
26
Let b(n) = -n + 26. Let a be b(10). Suppose -a*o + 23 = -185. Suppose -j - 3*j + 314 = -5*x, -222 = -3*j - 3*x. Calculate the remainder when j is divided by o.
11
Suppose -3*y - 8 = 4*i, 0*y = -3*y - 3*i - 3. Let a be (2/5)/(6 - (-724)/(-120)). Calculate the remainder when (-57)/a - (-6)/(-16)*2 is divided by y.
0
Suppose -4*t - 814 = -2*r, 0 = 2*t + 3 + 1. Let z = -339 + r. What is the remainder when z is divided by 33?
31
Suppose 0 = -4*i - 5*u + 226, -14*i + 148 = -11*i - 7*u. What is the remainder when 1085 is divided by i?
5
Suppose -4*p + 40 = 5*j, -p = 3*j - 42 + 11. What is the remainder when 7/((-84)/(-30))*668/10 is divided by j?
11
Suppose -35*s + 3646 = 1161. Let g = -45 + -18. Let i = g + s. What is the remainder when 46 is divided by i?
6
Suppose 68*z + 3392 = 121*z. What is the remainder when 1263 is divided by z?
47
Suppose -j - a = -2, -5*j + 3*a + 11 = 1. Let f(l) = 91*l**2 - l + 6. Let b be f(j). Suppose -4*n = -0*n - b. What is the remainder when n is divided by 24?
20
Let c = 77 - 14. Let i = 21878 + -21856. Calculate the remainder when c is divided by i.
19
Suppose -10*l = -9*l - 1. Let d be l/((-13)/(-4) - (1 + 2)). Suppose q - 6*q + 50 = 5*z, 16 = 2*z + d*q. Calculate the remainder when 23 is divided by z.
11
Suppose -4*v = -71 + 39. Suppose -299 - 357 = -5*j - 3*m, 5*j - 2*m - 671 = 0. Calculate the remainder when j is divided by v.
5
What is the remainder when (2636/8)/((-38)/(-4) + -9) is divided by 110?